 4. Suppose -4*w - 20 = 0, -1 = -b*a - 2*w + 41. What is the highest common divisor of a and 78?
26
Let f be 6/15 + 33*(-61)/(-5). What is the highest common factor of f and 91?
13
Let w(l) = -l**3 - 5*l**2 - 5*l - 2. Let g be w(-4). Suppose -9*d = -7*d - g. Let o = 572 - 569. Calculate the highest common divisor of o and d.
1
Suppose y + 5*p + 19 = -2*y, 2*p + 18 = 4*y. Suppose 3 - 19 = -y*q. Suppose -20 + 148 = q*f. What is the highest common factor of f and 32?
16
Let x be 24/4 - -1 - 6/(-6)*224. What is the greatest common divisor of 66 and x?
33
Let f be (2 + -3)*(-16 + -1800 + -3). What is the greatest common factor of 289 and f?
17
Let m be 53/3 - 2/(-3) - (-391)/(-1173). Let b = 8 - 26. Let s be (-12)/b - (-32)/6. What is the greatest common factor of s and m?
6
Let n be ((-3710)/(-1325))/((-4)/(-8650)). What is the highest common factor of 175 and n?
35
Let u(x) = 72*x**2 + 8*x + 14. Let o = 129 - 132. Let l be u(o). What is the highest common factor of l and 29?
29
Let n(w) = 51*w + 1094. Let b be n(29). Calculate the greatest common divisor of 124 and b.
31
Let j = -15540 + 16164. Calculate the highest common factor of 1677 and j.
39
Let t = 7288 + -6226. What is the highest common factor of 18 and t?
18
Let r be 645 + (-5 - -6) - -1 - (-4 + 11). What is the highest common divisor of r and 30?
10
Suppose -2*y - 7 = 3*n - 66, 5*y - 179 = 3*n. What is the greatest common divisor of y and 289?
17
Let l = -799 - -1500. Let o = l - 696. Let x = 1 + 4. What is the greatest common factor of o and x?
5
Suppose 0 = -8*r + 17*r - 45. Suppose r*y - 584 = 16. What is the greatest common divisor of 80 and y?
40
Let k(d) = -115*d - 15039. Let a be k(-131). Calculate the highest common divisor of 29445 and a.
13
Suppose 2*c - 2*f = 44, c + 34*f = 40*f + 57. Let b(j) = 25*j. Let q be b(-1). Let o = -15 - q. What is the highest common factor of o and c?
5
Let v = -2186 - -3226. Calculate the highest common divisor of v and 320.
80
Suppose 41*r - 27564 = -4317. What is the greatest common factor of 525 and r?
21
Let y = -1236 - -1249. What is the greatest common divisor of y and 117?
13
Let s be (-4)/(-30) - 1/(-45)*-1266. Let z = s + 88. Calculate the greatest common divisor of 150 and z.
30
Let z = -8990 - -9206. What is the highest common factor of z and 10908?
108
Suppose 4 = d, -3*d - 9962 = -2*p - 3704. What is the greatest common divisor of 825 and p?
165
Let a be ((-300)/(-8))/(1/2). Suppose j - a = -4*j. Let w be (24/(-20))/(60/(-8250)). Calculate the greatest common factor of w and j.
15
Let k be (0 + 0)/(7/(-14)*-4). Suppose k = -3*c - 2*c - 2*c. Suppose c = -4*f + 495 - 135. What is the highest common factor of 45 and f?
45
Let t(n) = 71*n + 404. Let i be t(7). Calculate the greatest common factor of i and 187.
17
Suppose 0 = o - 182 + 110. What is the highest common divisor of o and 114?
6
Let k = -109 + 202. Suppose 1519 = 17*c + 10*c - 20*c. What is the highest common divisor of k and c?
31
Suppose 3*h + 182 = p + 8*h, -2*p + 364 = 5*h. Let g = p - 169. What is the greatest common divisor of 52 and g?
13
Suppose -3*y + 258 = 3*u, 2*y - u + 2*u - 177 = 0. Let z = y + -57. What is the highest common divisor of 34 and z?
34
Let k(z) = 3*z**2 - 5*z + 3. Let u be k(3). Let d = -255 - -269. Suppose 0 = d*f - 29*f + 300. What is the highest common divisor of u and f?
5
Let d = 248 + -118. Suppose -68 = -v + 4*y, -y = 20*v - 26*v + 316. Calculate the greatest common factor of v and d.
26
Suppose 0 = 3*t - 0*t - 729. Let q = -186 + t. Calculate the greatest common factor of 399 and q.
57
Let a be (-3)/(3/854) - 16/(-8). Let z = -782 - a. What is the greatest common factor of z and 280?
70
Suppose 1819 = 63*b + 44*b. Suppose 5*q + 535 = 3*f, -q = f + q - 160. What is the highest common divisor of f and b?
17
Let o = 4540 + -4539. What is the greatest common divisor of o and 526?
1
Let p = 966 - 938. Let l(n) = n**2 - 31*n + 180. Let m be l(p). Suppose -15 = -3*c + 3. What is the highest common factor of c and m?
6
Suppose -4*l + 222 = 214. Suppose 43*g - l*g = 5945. What is the greatest common factor of 58 and g?
29
Let u = -4202 + 8158. Calculate the highest common factor of u and 184.
92
Suppose -8*q = -4*q - 952. Let x be (-6)/(-1 - 2)*q/(-4). Let d = -28 - x. Calculate the greatest common divisor of d and 26.
13
Let q(o) = o**3 - 54*o**2 + 179*o - 6639. Let x be q(53). Calculate the greatest common factor of x and 9399.
39
Let b be ((-45)/35)/((-15)/24465). Calculate the greatest common factor of 27 and b.
9
Let b(z) = 2*z**3 - 37*z**2 + 66*z + 45. Let c be b(20). What is the greatest common divisor of c and 2223?
171
Let l be (-8)/(-2)*258681/652. Calculate the highest common factor of 23 and l.
23
Let c = -3557 + 4467. Calculate the highest common divisor of c and 1300.
130
Let l = 1179 - 113. What is the highest common factor of l and 26?
26
Let h be (-546)/117*90/(-42). Calculate the greatest common factor of h and 2070.
10
Suppose -28*t = -31*t + 1272. Suppose j = 4*f - 2*j - 396, 4*j = -4*f + t. Suppose 99*y + 60 = f*y. What is the highest common factor of y and 8?
4
Let j be 10 + (-3 + 6)*4208/48. What is the highest common factor of 5369 and j?
91
Let p = -206 - -316. Let r = -61 - -67. Let u be (p/3)/(r/27). Calculate the highest common factor of u and 15.
15
Suppose -16*g = 4*c - 18*g - 4, -29 = -3*c - 5*g. Let x(h) = -h**2 - 6*h + 37. Let i be x(c). Calculate the greatest common divisor of i and 160.
10
Let k = -61 - -100. Suppose -5*i - 6*s - 655 = -2*s, -s = -i - 140. Let o = 200 + i. Calculate the greatest common factor of k and o.
13
Let w = -4 - -8. Let q(y) = -2*y**3 - 36*y**2 + 4*y - 22. Let f be q(-18). Let r be 342/(-627) - f/11. Calculate the highest common divisor of w and r.
4
Let d = -4 + 7. Let i = 12 - d. Let x = 69085 + -69076. Calculate the highest common factor of x and i.
9
Suppose 3*c + 87 = 497 + 67. What is the greatest common factor of 3 and c?
3
Let h be (-126707)/(-294) + 4/24 + (-12)/(-14). Suppose 74 = 4*p - 142. What is the greatest common factor of h and p?
54
Let t be (1 - -1 - 4/4) + (448 - 174). What is the greatest common divisor of 100 and t?
25
Suppose v - 3*m = -2*v + 81, 69 = 2*v + 3*m. Let d = -10 - v. Let q = -25 - d. Calculate the greatest common factor of q and 105.
15
Suppose -100*x + 908 = 8*x - 4276. Calculate the highest common divisor of x and 2680.
8
Suppose -2*j + 158522 = 4*g, 12257 = -3*g + 2*j + 131159. What is the greatest common divisor of 16 and g?
16
Suppose -89 = -6*s + 1561. Suppose 5*v + q - 275 = 0, 3*q + q + 220 = 4*v. Calculate the greatest common divisor of s and v.
55
Suppose 0 = 6*s + 2*s - 24. Suppose 3 - 7 = -2*o, -2*n - s*o + 16 = 0. Suppose n*r = 12 + 48. What is the greatest common divisor of 4 and r?
4
Let k be 1/6 - (3825/(-54) - -5). What is the highest common factor of k and 132?
66
Let v be (-700)/(-525)*(-1 - 13/(-4)) + 29. What is the highest common factor of v and 368?
16
Let l = 611 - -670. Suppose 5*c = l - 406. What is the greatest common factor of c and 7?
7
Let v be 4/10 + -807*(-12)/15. Let j(a) = -a**3 - 61*a**2 + 124*a - 92. Let l be j(-63). What is the greatest common divisor of l and v?
34
Let p(n) = n**3 + 23*n**2 + 17*n + 933. Let o be p(-22). What is the highest common factor of o and 14?
7
Let z(s) = 383*s + 4676. Let m be z(-12). Calculate the highest common divisor of 1740 and m.
20
Let f be 1*241 - 7/7. Suppose -5*m = 2*h + 89, 40 = -2*h + 5*m - 19. Let r = -7 - h. What is the greatest common factor of f and r?
30
Suppose 640*y - 1230 = 599*y. What is the greatest common divisor of 8385 and y?
15
Suppose -5*f + 1770 = 2*h, 5*f + 2*h - 4*h - 1750 = 0. Let d = f - 127. Calculate the greatest common divisor of d and 9.
9
Let u = -10 + 16. Suppose -4*a = 2*w + 28, 2*w - a + 4 = 1. Let n be (-3 - w) + 4 + -2. Calculate the greatest common factor of u and n.
3
Suppose -102*g + 1190 = -92*g. Let p = -50 - -11. Let y = 56 + p. Calculate the highest common factor of y and g.
17
Let h(b) be the third derivative of -1/4*b**4 - 14*b**2 + 0 + 0*b - 7/6*b**3 + 1/60*b**5. Let u be h(10). Calculate the highest common divisor of u and 11.
11
Let q(o) = o**3 - 15*o + 52. Let u be q(4). Suppose -252 = -u*n + 53*n. What is the greatest common factor of 